) = g**3 + 4*g**2 - 3*g - 3. Calculate the remainder when (25/(-3))/((-2)/6) is divided by d(-4).
7
Let n = -1 + 3. Suppose 0 = -j - z + 17, -6*z = n*j - z - 22. What is the remainder when j is divided by 6?
3
Let k = 116 + -62. Let r = k - -20. What is the remainder when r is divided by 25?
24
What is the remainder when (-5 - 2 - 0)*(-8 - 2) is divided by 15?
10
Let d(t) = 2*t - 8. Calculate the remainder when 15 is divided by d(6).
3
Suppose 3*v + c - 12 = 0, 2*v - 4*v = 4*c - 8. Calculate the remainder when 12 is divided by v.
0
Let y(t) = -7*t. Let z(c) = -c - 6. Let o be z(-6). Let b(j) = j**3 + j**2 + 40. Calculate the remainder when b(o) is divided by y(-2).
12
Suppose 0*l + 28 = 2*l + 2*c, 12 = 2*l - 2*c. What is the remainder when 39 is divided by l?
9
Let n = 3 + 12. What is the remainder when 29 is divided by n?
14
Let l(k) be the first derivative of k**4/4 + 8*k**3/3 + 5*k**2/2 + 2*k + 1. Let m(u) = 4*u - 5. Calculate the remainder when m(9) is divided by l(-7).
15
Suppose -5*t = 105 - 15. What is the remainder when t/(-4) + (-2)/4 is divided by 2?
0
Suppose 0 = -5*h + 7 + 28. What is the remainder when 48 is divided by h?
6
Let q(h) = -7*h - 1. Let z be q(1). Let p = z - -29. What is the remainder when 40 is divided by p?
19
What is the remainder when 0 + 7/((-7)/(-2)) is divided by 2?
0
Suppose 0 = 4*h - 8*h + 24. Let g = -40 + 49. Calculate the remainder when g is divided by h.
3
Let u = -5 - -10. Suppose 4*j - u*c = 11 + 120, 3*c - 105 = -3*j. Suppose -2*h + 16 + 8 = 0. What is the remainder when j is divided by h?
10
Suppose -18 = -2*d + 16. Suppose 5 + 4 = n. Calculate the remainder when d is divided by n.
8
Let q(f) = -f**2 - 8*f + 3. Calculate the remainder when 29 is divided by q(-6).
14
Let g(b) = 6*b + 2. Let t be 11/2 + 2/4. Suppose -12 = -4*x, -1 = -2*i - x + t. Calculate the remainder when 26 is divided by g(i).
12
Suppose k = 4*k - 27. Let v = 0 + 5. Calculate the remainder when k is divided by v.
4
Suppose 0*s - s + 104 = 0. Let u = s + -67. Let h = 48 - 29. Calculate the remainder when u is divided by h.
18
What is the remainder when (-34)/(-119) - (-355)/7 is divided by 14?
9
Suppose -4*a - 2*n = -74, -5*n = -a - 4*n + 20. Calculate the remainder when a is divided by (10/(-3))/((-2)/6).
9
Let f be -1*9/(-3) + 2. Suppose 6 = -4*s - 3*o + 28, 10 = f*o. Calculate the remainder when 7 is divided by s.
3
Suppose -m + 2*f + 0*f = -99, -4*m - 5*f + 396 = 0. Suppose 13 = 5*d - 72. What is the remainder when m is divided by d?
14
Suppose v - 5 - 14 = -t, -3*v + 65 = 5*t. What is the remainder when 89 is divided by v?
14
Let s = 69 + -45. Calculate the remainder when 95 is divided by s.
23
Let u(p) be the first derivative of 2*p**3/3 - p**2/2 - 4. Suppose -3*l + 4*j = -5*l + 62, 4*j - 104 = -4*l. What is the remainder when l is divided by u(2)?
3
Suppose 0 = 4*s - 2*s - 8. Suppose s*p - 3*p = 2. Suppose -65 = -3*j - p*j. Calculate the remainder when 24 is divided by j.
11
Suppose -6 = 3*t - 4*t. Let y(a) = 4*a - 14. Calculate the remainder when 38 is divided by y(t).
8
Suppose -3*y + 16 = 1. Calculate the remainder when 3 is divided by (y - 1)/(-3 + 5).
1
Let b(z) be the first derivative of z**3/3 + 5*z**2/2 - 11*z - 7. What is the remainder when 49 is divided by b(-8)?
10
Let t = -12 - -15. Suppose -5*c = 4*w - 71, -4*c = -w - t*w - 28. Calculate the remainder when c is divided by 4.
3
Let m = 9 + -28. Let y = 39 + m. Let t = -46 + 105. Calculate the remainder when t is divided by y.
19
Let c = 52 + -36. Calculate the remainder when 31 is divided by c.
15
Suppose 3*d + 139 = 5*f, -4*f + 2*d = -d - 110. Calculate the remainder when f is divided by 58/7 - (-2)/(-7).
5
Let x be 116/20 + (-8)/10. Suppose -82 = -x*l + 4*a, l = -l + 5*a + 26. What is the remainder when 35 is divided by l?
17
Suppose -85 = -4*i - 1. Calculate the remainder when (1/(-2))/((-3)/246) is divided by i.
20
Suppose 5*o + 12 = -2*q, -5*q - 4*o - 12 - 1 = 0. Let x = q - -2. Calculate the remainder when 25 is divided by (-1 + x - -13) + 0.
12
What is the remainder when 396/(-77)*7/(-2) is divided by 10?
8
Suppose 2*b + 4*g - 30 = -8, 0 = 2*g + 4. Let h(s) = 6*s**2 - s**3 - 2 - 5*s + 4 - 5. Calculate the remainder when b is divided by h(4).
6
Suppose -4*o + 7 + 4 = g, -22 = -2*g + 5*o. Calculate the remainder when g is divided by 7.
4
Calculate the remainder when 22 is divided by -2 + (18 - 2) - 2.
10
Let z(l) = -3*l**3 + l**2 + 3*l - 2. Let m be z(2). Let p = m - -28. Calculate the remainder when 34 is divided by p.
10
Let v = 5 + -1. Let a(f) = f**2 - 2*f + 1. Calculate the remainder when (0 + -3 - -1) + 19 is divided by a(v).
8
Suppose -5*t + 38 = -37. Let h be (-60)/(-9)*(-15)/(-4). Let v = h - t. Calculate the remainder when 29 is divided by v.
9
Suppose -16 = 4*y + 4*d, 4*y + d = 2*d + 4. Suppose -6 = -2*o - y*o. Let i = o - -1. Calculate the remainder when 10 is divided by i.
2
Let t = 74 + -53. What is the remainder when 73 is divided by t?
10
Let u(b) be the first derivative of -b**3/3 - 11*b**2/2 - 6*b + 3. Let c = 1 + -8. Calculate the remainder when 63 is divided by u(c).
19
Let j = 176 - 106. Calculate the remainder when 23 is divided by 4/18 + j/9.
7
Suppose -19*p + 8*p + 88 = 0. What is the remainder when 70 is divided by p?
6
Suppose 5*p = -0*p + 85. Calculate the remainder when 67 is divided by p.
16
Suppose 0 = 4*i - 3*r - 91, -2*i + 0*i + 59 = 3*r. What is the remainder when 98 is divided by i?
23
Let f = 31 - 17. What is the remainder when 53 is divided by f?
11
Suppose 5*z = -5*n + z - 39, -3*n - z - 22 = 0. Let w(j) = j**3 + 6*j**2 - 9*j - 3. Suppose 3*s - 31 = 2*s. What is the remainder when s is divided by w(n)?
9
Let b(n) = -n + 3. Let k be b(4). Let a be -1 + (3/3 - k). Let f = a - -6. What is the remainder when 19 is divided by f?
5
What is the remainder when ((-120)/18)/(2/(-3)) is divided by 6?
4
Let x = 7 - -14. Suppose 5*h - 2*i + i - x = 0, -8 = -3*h - 4*i. Calculate the remainder when 11 is divided by h.
3
Suppose 3*i = 3*o - 72, -4*o + 3*i + 26 = -3*o. Calculate the remainder when 89*(0 + 3 - 2) is divided by o.
20
Let r = -115 - -365. Suppose 5*l + r = 4*g + g, 5*g - 4*l - 245 = 0. Calculate the remainder when g is divided by 23.
22
Let a = 81 - 74. Calculate the remainder when 32 is divided by a.
4
Suppose 0*q = -5*q + 35. Calculate the remainder when 12 is divided by q.
5
Let l(n) be the first derivative of -n**4/4 - 10*n**3/3 - 9*n**2/2 + 10*n - 2. What is the remainder when 150/9 + (-1)/(-3) is divided by l(-9)?
7
Let g be 14/4 - 1/2. Suppose l + 39 = g*j - 10, 4*j = l + 65. What is the remainder when 30 is divided by j?
14
Let n be 4/10 + 26/10. Suppose -7*t + n*t = -164. Calculate the remainder when t is divided by (-22)/3*3/(-2).
8
Let j be 118/6 - (-10)/(-15). Suppose 4*v + 5*h = -4 + 17, -v + 4*h + j = 0. Suppose p + 57 = 4*p. Calculate the remainder when p is divided by v.
5
Let a be 0 + 1 + -3 - 2. Let o(t) = -3*t. Let p(f) = 13*f + 1. Let l(g) = a*p(g) - 18*o(g). What is the remainder when l(4) is divided by 2?
0
Let l = -6 - -6. Suppose l = 2*j - 76 - 10. Let v(z) = -z**2 - 10*z - 9. Calculate the remainder when j is divided by v(-6).
13
Let i = 47 - 38. Calculate the remainder when 35 is divided by i.
8
Let i = 48 - 28. Suppose i = -0*q - 4*q, j + 3*q = 11. What is the remainder when j is divided by 14?
12
Suppose -2*r + 57 = 5*j, 2*j - 7*j + 69 = -r. Calculate the remainder when 63 is divided by j.
11
Let l(c) = -c**3 - 5*c**2 + 6*c. Let u be l(-6). Suppose u = -r - 2*r + 3. Calculate the remainder when r is divided by 1.
0
What is the remainder when 33/2 - 2/(-4) is divided by (-24)/(-8) + 1 + 6?
7
Suppose 4*z = 3*z + 3. Suppose -3*m - z*a = -7 - 101, 4*a = 16. Calculate the remainder when m is divided by 11.
10
Let g = 63 - 54. What is the remainder when g is divided by 4?
1
Let q(m) = -10*m - 9. What is the remainder when q(-5) is divided by 22?
19
Let l be (4/6)/((-4)/(-6)). Let x = 6 - l. What is the remainder when (-195)/(-10)*4/6 is divided by x?
3
Suppose -7*m - 24 = -3*m. Let z(t) = -t**3 - 5*t**2 + 4*t - 4. Calculate the remainder when (-8 + 4)*14/(-4) is divided by z(m).
6
Suppose 0 = 3*g + 10 + 5. Let v = g + 15. What is the remainder when 17 is divided by v?
7
Let m(o) = 3*o. Let g be m(1).